Calculate j(b).
52
Suppose -27*k + 5*m + 28 = -28*k, -5*k + 3*m = -28. Let o(h) be the second derivative of 2*h + 2*h**k + 0 - 1/6*h**4 - h**3. What is o(-5)?
-16
Suppose l = -0*b - b + 5, -3*l = 2*b - 12. Let c(w) = 79*w + 282. Let f(y) = -24*y - 81. Let v(i) = 2*c(i) + 7*f(i). What is v(b)?
-33
Let b(c) be the first derivative of -c**4/4 - 13*c**3/3 - 11*c**2/2 + 17*c - 1200. Suppose 3*w - 4 = -40. Calculate b(w).
5
Let k(b) be the second derivative of -b**3/6 + b**2 - 84*b. Let t = -3 + 0. Let c be (t + -1)*(-1)/(-2). Determine k(c).
4
Let m(n) = -n**3 - 8*n**2 - n - 7. Suppose 8*z - 5 = 11. Let i(x) = -x**2 + x + 1. Let d(a) = 7*a**2 - 8*a. Let b(v) = -d(v) - 4*i(v). Let y be b(z). Give m(y).
1
Let l(b) = 34*b - 29. Let a = 23675 + -23679. Give l(a).
-165
Let l(h) = 9*h - 62. Let j be 6/(-16) - 299/(-520)*25. Calculate l(j).
64
Let l(f) = 13*f**2 + 5*f - 26. Let u be l(4). Let v = u - 194. Let x(k) = k**2 + 2 + k - 10*k + 5. Determine x(v).
-1
Let f(w) = -3*w**3 + 2*w**2. Let l(y) = -13*y**3 + 11*y**2 + y - 4. Let v(t) = 4*f(t) - l(t). Determine v(3).
1
Let d(y) be the third derivative of y**4/8 + 26*y**3/3 - 96*y**2 + 2. Calculate d(-18).
-2
Let g(u) be the first derivative of -3*u**2/2 - u + 177. Calculate g(4).
-13
Let n(y) = 5*y**2 - 113*y + 65. Let v be n(22). Let i(c) = 3*c**3 - 2*c**2 - 3*c - 2. Give i(v).
-4
Let p(g) = g**2 + g - 6. Suppose 6*d - 16*d - 2*w = -50, -5*d + 30 = 2*w. Suppose 0 = 5*h - 7*h + 4*i + 24, 2*h + 3*i + d = 0. Give p(h).
14
Let n(k) = 85*k - 18 - 58*k - 15*k. Determine n(3).
18
Suppose 0 = k - 3*l + 12, 3*l = 4*k + 48. Let j(q) = -4*q - 16. What is j(k)?
32
Let s(l) be the second derivative of -5/12*l**4 - 3/2*l**2 - 2 + 7*l + 1/20*l**5 + 1/2*l**3. Suppose -2*r - 4*v = 3*r - 28, -2*r = 2*v - 12. What is s(r)?
-7
Let v(z) = 8*z - 7 - 21*z + 29 + 7*z. Determine v(-7).
64
Suppose -2*f + 4*f - 12 = 0. Suppose 71 = -11*t + 5. Let k = t + f. Let u(j) = j**3 + j**2 - j. Determine u(k).
0
Let i(f) = 3*f + 6. Let a be i(-4). Let t(z) be the first derivative of -z**4/4 - 5*z**3/3 + 7*z**2/2 + 5*z - 2802. Determine t(a).
-1
Suppose 35 = 5*i + 10. Suppose i + 3 = 4*a. Suppose -3*d + 9 = -3*j, 5 = a*d - d. Let h(l) = -l**3 - l**2 + 3*l - 3. Determine h(j).
-9
Let c be (-2)/3*(-2214)/36. Let o(a) = 38*a + c*a - 84*a - 2. Calculate o(-1).
3
Let l(p) = -p**2 - 30*p - 141. Let h be l(-6). Let a(s) = s**h - 24*s**2 + 3*s + 32*s**2 + 4 - 15*s**2 + 3. Calculate a(7).
28
Suppose i - 7 = 5*x, -265*x + 260*x - 10 = 0. Let a(f) = 2*f**3 + 7*f**2 + 5*f + 4. Determine a(i).
-2
Let y(m) = -2*m + 1. Let r be y(-1). Let x(o) be the first derivative of -o**2/2 - o - 112215. Calculate x(r).
-4
Let o(i) be the second derivative of 1/12*i**4 + 18 + 1/2*i**2 - 2*i + 4*i**3. What is o(-24)?
1
Let l(t) = t**2 + 5*t - 8. Let y(g) = 6 + 15*g - 2 + 0. Let x be y(-1). Let h be (5/(6 + x))/((-1)/(-6)). Give l(h).
-2
Let u(m) be the third derivative of m**5/60 + 7*m**4/24 - 7*m**3/6 - 7*m**2 - 1150*m - 1. Suppose -9 - 3 = 2*a. What is u(a)?
-13
Let i(a) = 2*a**3 - 13*a**2 + 12*a - 34. Let q be i(6). Let u(w) = -2*w**2 + 19 - 4*w**2 + 5*w**q - 14 - w. What is u(-4)?
-7
Let o(d) = 0*d + 0*d - 123 + 10 + 3*d + 62. Give o(13).
-12
Let q(k) = 9*k + 49. Let c(m) = 36*m + 215. Let l(o) = 2*c(o) - 9*q(o). Give l(-7).
52
Let v(t) be the first derivative of t**4/8 - t**3/6 - 11*t**2/2 + 4*t + 63. Let z(s) be the second derivative of v(s). Determine z(5).
14
Let w be 2/(-4)*2 - 0. Let z(t) = -8*t**3 + 2*t**2 - 6. Let s(j) = -8*j**3 + 2*j**2 - 7. Let b(f) = 5*s(f) - 6*z(f). What is b(w)?
-9
Let f = 12 + 13. Let k(l) = 12 + 13*l + 4 + 11*l - f*l. Calculate k(11).
5
Let w(d) be the second derivative of -d**5/20 + 5*d**4/12 - 4*d**3/3 + 4*d**2 - 51*d + 6. Give w(4).
-8
Let s(n) = -n**3 + 6*n**2 - 3*n - 5. Suppose -101 = -13*r + 263. Let m = -23 + r. What is s(m)?
5
Let b be 3*2 - (98 - 95). Let z(v) = -10*v + 23. Give z(b).
-7
Let y(g) = -5*g + 1. Let b = 41 - 36. Let a(x) be the second derivative of -7*x**3/6 + x**2 + 4*x. Let j(l) = b*a(l) - 8*y(l). What is j(-2)?
-8
Let m(g) = -8106 - 2*g**3 - 12*g + 8103 + 11*g**2 + 4*g**3. Determine m(-6).
33
Let m(z) = -7*z - 1. Let b(t) = t + 119. Let i(h) = h - 2. Let c(f) = -b(f) - 2*i(f). Let n be c(-38). Calculate m(n).
6
Suppose 13*o = -10*u + 15*u - 76, 3*o = -6. Let f(r) = -r - 9. What is f(u)?
-19
Let n = -81 + 83. Let m(i) = 5*i - 11*i**3 + 19*i**3 - 12 - 13*i**2 + i**3 - 8*i**3 + 3*i**n. Calculate m(9).
-48
Suppose -57*a + 198*a - 89*a = -572. Let s(t) = -6*t - 11. Determine s(a).
55
Let o(t) = 155*t - 2470. Let k be o(16). Let i(y) = y**2 - 8*y - 5. What is i(k)?
15
Let s(y) = 8 + y**2 - 9*y**2 - 6*y**2 - 7*y + 15*y**2. Let r = 234 + -162. Let a = r + -66. What is s(a)?
2
Let m(r) = 7*r - 57. Let f(h) = -2*h - 5. Let y(q) = -11*f(q) + m(q). Determine y(-1).
-31
Let x(n) = -n**3 + n**2 + 10*n + 2. Let c(h) = -13*h + 1187. Let z be c(91). Determine x(z).
-6
Let q(o) = 9*o + 108. Let b(l) = -l**3 + 34*l**2 - 85*l + 1704. Let j be b(33). Calculate q(j).
0
Let u(k) = -6*k**2 - 1. Suppose 3*c = -5*q + 1, q - 2*q + 3 = c. Calculate u(q).
-97
Let v(d) be the third derivative of -d**6/120 - d**5/20 - d**4/4 + d**3/6 + 2*d**2 - 114*d. What is v(-2)?
9
Let i(m) be the first derivative of -8*m - 8 + 9/2*m**2. Let j be i(1). Let b(t) = -10*t**3 + t. What is b(j)?
-9
Let d(c) be the first derivative of -c**2/2 - 7*c + 1. Suppose 0 = -51*r + 47*r + 120. Suppose -4*x - 50 = -r. What is d(x)?
-2
Let c(v) = v**2 - 15*v + 22. Let t be 94 + -89 + 4/3*9/2. Calculate c(t).
-22
Let z(p) = -p - 21. Suppose -8*k - 127 = -71. What is z(k)?
-14
Let h(x) = 3*x**3 + 10*x**2 - 17*x - 11. Let s(f) = -f**3 + f - 1. Let v(g) = -h(g) - 4*s(g). Let i be v(9). Let n(c) = c - 35 - 34 + i. Determine n(9).
-9
Let z(v) = v**2 - 2*v + 49. Suppose 139*s - 136*s = 0. Calculate z(s).
49
Let c(d) = d**3 - 6*d**2 + 5*d + 8. Let f = -6054 - -6059. What is c(f)?
8
Let h(a) = a**3 + 2*a**2 - a + 28. Suppose 16001*p = 15994*p. Determine h(p).
28
Let x(m) be the second derivative of -m**4/12 + 3*m**3/2 + m**2 - 308*m. Let y(c) = c**2 - 7*c - 1. Let d(b) = -3*x(b) - 4*y(b). What is d(7)?
-44
Let x(h) = -2*h**2 + 11*h - 14. Suppose 8 = z + 3*p, -5*z = -4*p + 24 - 45. Give x(z).
-9
Let o = 6150 + -6160. Let g(i) = -5*i - 13. What is g(o)?
37
Let y be (-8 - (6 - 12))/((-2)/203). Let c(a) = 101*a + 99*a + 8 - y*a. Calculate c(6).
-10
Let h(d) = 7*d**2 + 2*d + 1. Suppose 930 = 5*r + 5*j, 3*j + 0 = 9. Suppose -r*q = -195*q - 12. Determine h(q).
6
Let b(u) = -u**3 + 38*u**2 + 42*u - 1597. Let z be b(38). Let c(v) = 47*v**3 - v**2 + v + 2. What is c(z)?
-47
Let u(o) = 637*o**2 - 1 - 1302*o**2 + 666*o**2. Determine u(-1).
0
Suppose u - 3 = -1, 0 = 5*m - 2*u + 424. Let y = 83 + m. Let o(j) be the third derivative of -j**5/6 + j**4/24 + j**3/6 + 5*j**2. Determine o(y).
-10
Let z(a) = a**3 - 455111*a - 15*a**2 + 455112*a + a**3 - 11 - a**3. Determine z(15).
4
Let o(f) = -2*f + 2*f + 4 + 2*f - f**2. Let s be (-144)/68 + 2 + (-8820)/(-2142). Give o(s).
-4
Suppose -o - 3*o = -36. Let a be (o/(-4))/(10 + (-581)/56). Let l(i) = -i**3 + 7*i**2 - 3*i - 5. Determine l(a).
13
Suppose 46 = -4*o - 14. Let j = -11 - o. Let t(i) be the first derivative of -i**4/4 + i**3 + i + 81. Calculate t(j).
-15
Let m(b) be the first derivative of -9*b**2/2 - 29*b + 1661. Determine m(-3).
-2
Let i(q) = -8*q**2 + 4*q**3 + 2 - 2*q - 3*q**3 - 1 + 1. Let a = 281 + -273. Calculate i(a).
-14
Let a(w) = -w**3 - 19*w**2 - 32*w + 34. Let b be (-1)/(-4) + (-9 - 0 - (-1320)/(-160)). Determine a(b).
0
Let r(j) be the second derivative of -j**4/3 - j**3/3 - j**2 + 20*j. Let k be (-3)/9 + (-180)/108. Calculate r(k).
-14
Let v(g) be the first derivative of -47*g**6/360 - g**4/24 + 5*g**3/3 - 3*g**2 + 116. Let j(s) be the third derivative of v(s). What is j(1)?
-48
Let i(s) be the second derivative of -s**5/20 + 11*s**4/6 - s**3/2 + 51*s**2/2 - 4020*s. Calculate i(22).
-15
Let v(l) = l**3 - l + 7. Let k(j) = 14 + 3 + j - 4. Let o be k(-11). Suppose -r + r = -o*r. Give v(r).
7
Let l be 4/(-2) - (-4 - (-4 - 4)). Let c be (30/20)/(l/(-16)). Let r(s) = s**2 - 3*s - 4. Give r(c).
0
Let f(k) = k**2 - 7*k + 9. Let x(m) = -26*m - 131. Let p be x(-17). Let q = -305 + p. Determine f(q).
3
Let v(d) be the second derivative 